 d(25) prime?
True
Let d(c) = 6*c**2 - 11*c - 6. Let t be d(-7). Suppose 3*z - t = 298. Suppose a - 6*a = 3*b - 257, 0 = 3*b - 4*a - z. Is b composite?
False
Suppose 0*s + 3*s = -456. Is s/(-11) + 6/33 a composite number?
True
Let q(h) be the third derivative of h**5/6 + h**4/24 + h**3/3 - 3*h**2. Is q(3) prime?
False
Let b(d) = 181*d - 44. Is b(9) a prime number?
False
Suppose -2*n + n - 2 = -5*v, -3*v = -3. Suppose 3*w + 5*d = -2*w + 140, -15 = -n*d. Is w a composite number?
False
Suppose -3*o + 60 = -0*o. Suppose 22 = -3*p - 2*z, -3*p + 2*p - 4*z = 24. Is (-11*1)/(p/o) a prime number?
False
Suppose 4*l = -634 - 766. Is (0 + -1)*(l - -3) prime?
True
Suppose -86 = -2*x + 3*r - 0*r, 4*x - 150 = -5*r. Let c = x + 27. Is c a prime number?
True
Let v(k) = k**3 - 4*k**2 + 3*k + 3. Is v(6) a composite number?
True
Is -2 + 4 - (-2 - 1110) a prime number?
False
Suppose 0 = -2*f - f + r + 384, 4*f = r + 511. Is f a composite number?
False
Suppose 0 = -4*y + 4*q - 32, 0*y + 3*q = -y + 12. Let l be 0/(y/(3/2)). Suppose -4*a + 3*o + 233 = l, 4*a + o - 3*o = 234. Is a a composite number?
False
Suppose -3*c + 4 + 5 = 0. Suppose c*t - 4 = 8. Suppose 2*r = -s + 37, -t*s + 2*s + 53 = -3*r. Is s prime?
True
Suppose 113 - 3 = 5*r. Is r a composite number?
True
Suppose 5*j - 4*p - 20 = 2*j, 4*j - p - 18 = 0. Suppose 8*o - j*o = 8. Suppose -3*c + 185 = o*c. Is c a prime number?
True
Let u = 8 - 14. Suppose 0 = 2*a + a + 18. Is (-130)/u + (-2)/a prime?
False
Let y be 10/35 - 19/(-7). Is (26 - y)/(1/5) a composite number?
True
Is (-7 - -4)*298/(-3) a composite number?
True
Suppose 3*n + 123 = -3*w - 156, 5*w - 15 = 0. Let f = n + 46. Let l = f - -76. Is l a composite number?
True
Suppose 4374 = 2*q - 1812. Is q composite?
True
Suppose 6*i - 4*i - 998 = 0. Is i a prime number?
True
Let g be 1/(-1) - (17 - -8). Let d = 45 + g. Is d a composite number?
False
Let k = 11 - 9. Suppose -45 + 137 = k*j. Is j prime?
False
Suppose 3*v = -3*u - 0*v + 2139, 4*u + 5*v - 2852 = 0. Is u composite?
True
Let p = 6 + -4. Is 81 + 3*p/3 composite?
False
Let b = 0 - 0. Suppose -5*c + 5*f = b, -4*c + f - 3*f = -24. Suppose -c*a = a - 195. Is a composite?
True
Suppose 0 = -4*q - 8, 3*q - 7 = -3*d + 5*q. Let r be 1 + 0 - (-1)/d. Suppose 6*h = r*h - 4*l + 132, -5*h + 177 = -l. Is h a composite number?
True
Let y(k) = 54*k - 2. Let x be y(-9). Let t = x + 691. Is t a composite number?
True
Is -1 - (-8)/(-4) - -65 prime?
False
Let t = 1 + 11. Is (-28)/(-1)*39/t prime?
False
Let l(t) be the first derivative of 2*t**3/3 + 5*t**2 + 7*t + 2. Is l(-9) a prime number?
True
Let t(b) = 4*b - 1. Let c be t(5). Suppose -2 = -2*i + 4. Suppose -i*a - c = -4*a. Is a prime?
True
Suppose -4*z - z + 70 = 0. Is z a prime number?
False
Suppose -8*y - 2*a + 470 = -4*y, 0 = 3*a + 3. Suppose -2*v = -y - 172. Is v composite?
True
Let l be 0 + (4 - 3) + 1. Let a be l/7 - (-57)/21. Is 39/2 - a/(-2) a composite number?
True
Suppose 0 = u + 2 - 6. Let m be (-4)/u + (-1 - -188). Suppose -2*v + 32 = -v + 5*p, 5*v - p = m. Is v prime?
True
Let h be (-1)/5 - 93/(-15). Suppose -h*n = -3*n - 561. Is n a composite number?
True
Suppose -3*k = -2*k - 887. Is k a prime number?
True
Let c(l) be the second derivative of l**3/3 + 5*l**2/2 - l. Suppose -4*o - 5*z + 52 = 0, -20 = -3*o - 4*z + 20. Is c(o) prime?
False
Suppose -2*r + 192 = -6*r. Let l = -21 - r. Suppose -l = -3*w + 228. Is w a prime number?
False
Let g = -4 - -6. Is (-1)/(-4)*g*62 a prime number?
True
Let j be 12/6 - (5 + 2). Is (j - -6) + 25*1 a composite number?
True
Let r = 1 + -2. Let q(b) = b**2 - b - 1. Let x be q(r). Is (-53)/(1/x*-1) composite?
False
Let v = 225 - 98. Is v composite?
False
Let j(z) = 43*z**2 - 6*z. Let k be j(-5). Suppose q = -4*q + k. Is q prime?
False
Let o = 790 + -525. Suppose 8*k = 3*k + o. Is k prime?
True
Let z(f) = 7*f + 10. Let j be z(-8). Let r = 120 + j. Is r a composite number?
True
Let k = 6 - 3. Suppose o + k*o = -64. Let b = -3 - o. Is b composite?
False
Suppose -5*c + c + 12 = 0. Suppose 4*o - 839 = -f, 3*o - 433 = 3*f + 185. Suppose -m - 2*t = -71, -c*m + 0*m - 4*t + o = 0. Is m a composite number?
False
Suppose -3*y + 4*j = -7737, 10*y - 11*y + 2*j = -2579. Is y a prime number?
True
Let h be 2/5 + 474/15. Let i be (-36)/15*(-25)/2. Suppose 2*l = h + i. Is l prime?
True
Is (-297)/(-2) - (-5)/10 prime?
True
Suppose 0 = 4*y + 1965 + 1859. Let f = y + 1416. Suppose 3*r + 97 = f. Is r prime?
False
Suppose 1965 = 5*d + 3*o + 2*o, 3*d + o - 1175 = 0. Is d composite?
True
Let j = 1373 - -192. Is j composite?
True
Suppose 2*u = u - l - 1, -3*l = 4*u. Suppose 2*d = u*d. Suppose d = i - 2 - 2. Is i prime?
False
Let t = -163 + 494. Is t a prime number?
True
Let n(s) = -4*s**2 - s - 12. Let y = 3 + -8. Let q(a) = 3*a**2 + 11. Let b(z) = y*n(z) - 6*q(z). Is b(-5) a prime number?
True
Suppose 0 = -s - 0*s + 293. Is s composite?
False
Suppose 2789 = 5*q + 2*o, -q + o = -2*o - 551. Is q a composite number?
False
Let o = 194 - 127. Suppose t - o = -14. Is t a composite number?
False
Let r(z) = 36*z + 1. Let p = 8 - 7. Suppose p = 2*y - 7. Is r(y) prime?
False
Suppose 4*n + 5*r = 10, -4*r - 30 = -4*n - 2. Suppose -118 = -n*o + 7. Is o composite?
True
Suppose -3*g = -4*k - 5067, 2*g + k = 5*g - 5058. Is g a composite number?
True
Let h be 0/(-5 + (4 - 1)). Suppose h = 4*w - 32 - 32. Let v = 7 + w. Is v prime?
True
Suppose 31*k + 2770 = 33*k. Is k a composite number?
True
Let y(g) = -g**3 + 8*g**2 - 6*g - 2. Let f be y(7). Is ((-2)/(-8))/(f/40) a prime number?
True
Suppose -355 = 5*y - 1100. Is y composite?
False
Let w(r) = r**2 - 2*r - 2. Let x be w(5). Let j = x - 8. Suppose -3*f + j*f = 254. Is f a prime number?
True
Let w(g) be the first derivative of -g**2/2 + 11*g - 1. Is w(-10) a prime number?
False
Suppose -5*k = -2*k - 4035. Is k composite?
True
Let j = -6 + 10. Suppose 3*t = j*t - 66. Let p = -29 + t. Is p prime?
True
Suppose 5*h - 3967 - 2283 = 0. Suppose -525 = -5*f + h. Is f a prime number?
False
Let w(d) = d**2 - 5*d + 11. Let p be 5/(24/(-9) - -3). Is w(p) prime?
False
Let h(z) = -z + 24. Is h(14) prime?
False
Let l(b) = -21*b + 4. Is l(-15) composite?
True
Suppose 5*y - a + 4*a - 110 = 0, a = 5. Let j(u) = -u - y*u + 1 + 0 + 0. Is j(-8) composite?
True
Suppose 4*q + 5*l = 6, 16 = -3*q + 8*q + 2*l. Suppose -q*r = -4*u + 32, -4*u - r + 4*r = -37. Suppose 168 = 5*z + u. Is z composite?
False
Suppose -5*s + 3*s = -4. Let d = 16 - s. Suppose -y = y - d. Is y composite?
False
Let b(z) = -z**3 + 8*z**2 + 9*z + 1. Is b(7) a prime number?
True
Let z(n) = n**3 + 6*n**2 + 4*n - 5. Let l be -4*(-1 + (-27)/(-12)). Let t be z(l). Let p = t - -7. Is p a composite number?
False
Let f(c) = c**3 - c**2 - 3*c + 3. Let t be f(2). Is 232/t - (-6)/2 a prime number?
False
Let s(r) = -5*r + 1. Let d be s(-4). Suppose -b - 5 = -2*y, 0 = -4*b - 2 - 2. Suppose -l + d = y*l. Is l prime?
True
Suppose 2*p = 3*n - 3*p - 1397, 0 = 4*n + 2*p - 1880. Is n a composite number?
True
Suppose 4*z - o = -56 - 7, -5 = o. Suppose 126 = f + f. Let l = z + f. Is l prime?
False
Suppose x - 2*d - 1261 = 0, -x + 855 = 4*d - 406. Is x a composite number?
True
Let w = -280 + 475. Suppose 2*q = 7*q - w. Suppose -q = -b - 4. Is b prime?
False
Let h(k) = 5*k**3 - k + 2*k - 2*k**2 + 2*k - 4*k**3. Let y be h(5). Suppose -3*u - y = -5*u - 2*g, 4*u - g = 170. Is u a prime number?
True
Suppose -2*t = -6*t - 336. Let j be 1*-2 - (t + -5). Let b = 26 + j. Is b composite?
False
Let y(p) = -219*p - 16. Is y(-5) a prime number?
False
Let t(p) be the second derivative of p**4/12 + p**2 - 2*p. Let l be t(2). Let i(s) = s + 8. Is i(l) a prime number?
False
Suppose 0 = -p + 2*p + 5. Let i be 50/18 + 8/36. Is 17*-3*p/i composite?
True
Let h(c) = -297*c - 3. Let d be h(-2). Suppose -5*q = -4*q - i - 154, -i = 4*q - d. Is q a prime number?
True
Suppose 0 = y - 2 - 2. Let g(z) = -4 - 4*z - z - y - 5. Is g(-10) a composite number?
False
Let o(s) = -1 - 5*s + 3*s + 0*s - 54*s**3. Is o(-1) a prime number?
False
Suppose k = -l - 4*k - 4, 5 = -l - 4*k. Let t(f) = -8*f + 5*f - 1 - 6*f - 3. Is t(l) a prime number?
False
Let o = -544 + 864. Suppose o = 3*s + 59. Is s prime?
False
Let u(p) = -2*p - 4. Let i be u(-3). Suppose -i*d + 3*f = -0*d + 695, -3*f = -4*d - 1387. Is d/(-10) + 8/20 composite?
True